+ 40. Suppose 0 = 3*a - 11 - p. List the prime factors of a.
2, 3
Let m be 3 + (36/3)/(-3). Let p(y) = -y**2 - y - 1. Let r(u) = -u**3 + 9*u**2 + 3*u + 4. Let t(b) = m*r(b) - 4*p(b). What are the prime factors of t(7)?
3, 5, 7
Let b(m) = -5582*m + 2155. What are the prime factors of b(-3)?
41, 461
What are the prime factors of 5/10*106*623?
7, 53, 89
List the prime factors of ((-8)/36 - (-619)/(-9))*-92.
2, 3, 23
Suppose -282*j + 2*q + 7140 = -281*j, 0 = -3*j - 4*q + 21390. List the prime factors of j.
2, 3, 29, 41
Let i be ((-2)/(-4))/((-10)/(-40)). Let x(u) = 11*u**3 - u**2 - 2*u - 2. Let m be x(i). List the prime factors of -1 + 3 - (-13)/(m/336).
2, 29
List the prime factors of (-9600)/(-32)*(-217)/(-21).
2, 5, 31
Suppose 2*o - 101 = -123. Let j be o - (-1 - 0/(-1)). What are the prime factors of 494/5 + (-2)/j?
3, 11
Suppose 10*h - 4 = 14*h. Let y be 4 - 1 - 11/((-33)/(-6)). What are the prime factors of y*(-4 - (h - 52))?
7
Suppose -2*a - 3*k + 3976 = 3*a, 2*a - 4*k = 1580. Let n = a + -259. What are the prime factors of n?
5, 107
Let t = 75904 + -44832. List the prime factors of t.
2, 971
Let m(a) = -a + 17. Let r be m(13). Suppose 1612 = r*w + 3*t, -4*t = 5*w - 2*w - 1216. What are the prime factors of w?
2, 5
Suppose 3*s + 5*x - 9911 = 0, -7*s - 5*x + 23099 = -0*s. List the prime factors of s.
3, 7, 157
What are the prime factors of (-1 - 39/6)*-3394?
3, 5, 1697
What are the prime factors of 53/(6625/450)*105?
2, 3, 7
Let d be 2 + (-2 + 3)/((-6)/12). Suppose -u + 2*u - 4 = d, -3*t + 1628 = -u. List the prime factors of t.
2, 17
Let n be (2 + (-3296)/(-12))*12/5. Suppose 0 = -2*h - 3 + 5. What are the prime factors of (2 + h)*n/24?
83
Suppose -13*r + 14*r + 70 = 0. What are the prime factors of (11646/(-30))/(21/r)?
2, 647
Let m = 72251 + -14777. List the prime factors of m.
2, 3, 31, 103
Suppose 0 = 5*x - 4*v + 2*v - 33464, -20070 = -3*x - 3*v. What are the prime factors of x?
2, 7, 239
Let r = 128 - 147. Let i = 280 - r. List the prime factors of i.
13, 23
What are the prime factors of (187 - 273)*(-813)/2?
3, 43, 271
Suppose 9 = -a - 5*m, 2*a - 4 = 3*m - 2*m. Let s be -71*(-2*a/2 + -6). Let f = s + -316. What are the prime factors of f?
181
Suppose 55*o + 5*o + 34*o = 957860. What are the prime factors of o?
2, 5, 1019
Suppose -6*y + 21 = -15. Suppose -y = -3*h - 72. List the prime factors of h/33*510/(-4).
5, 17
Suppose 2*z + 37*z + 61375 - 340225 = 0. What are the prime factors of z?
2, 5, 11, 13
Let b(g) = -9*g**2 - 6*g + 5*g**2 + 15 + 5*g**2. List the prime factors of b(-6).
3, 29
Let g be 2/3 + (-8)/(-24). Let h be g*(2 - (2 + -3)). Suppose -4*l = 12, -h*w + 21 = l + 2*l. List the prime factors of w.
2, 5
What are the prime factors of -12*804/(-72)*521?
2, 67, 521
Suppose 1 = -u, -3*b + 232319 = 2*u + 93745. What are the prime factors of b?
2, 2887
Let d be (-18)/45 - 249/15*26. Let s = -177 - d. What are the prime factors of s?
3, 5, 17
Suppose 13*r + 20 = -32. What are the prime factors of (-5949)/(-36) - r/(-16)?
3, 5, 11
Suppose 0 = -7*k + k - 0*k + 195888. What are the prime factors of k?
2, 7, 11, 53
Suppose 3*g - 2*g + 4 = 0, -4*m = -2*g - 6016. Let w = m + -470. List the prime factors of w.
2, 3, 43
Let x(m) = 3*m**3 + 14*m**2 + 2*m - 54. Let t be x(-8). What are the prime factors of 2/5 + (-897156)/t?
2, 79
Let v = -103 - -126. Suppose c + v = 3*z - 4*c, 4*z - 4*c = 44. What are the prime factors of z/32 - 373/(-2)?
11, 17
Suppose 10*w = 9*w - 7. Let m(j) = -2*j**3 + 6*j**2 - 3*j + 12. Let v(y) = -y**3 - y + 1. Let u(i) = -m(i) + 3*v(i). List the prime factors of u(w).
2, 5
Suppose -2*u - 12920 = -2*f, -285*u + 288*u + 12928 = 2*f. What are the prime factors of f?
2, 1613
Suppose 0 = 5*z, -25899 = -5*x + z - 5439. Suppose 15*u = 4*u + x. What are the prime factors of u?
2, 3, 31
Let c(g) = -g**3 + 31*g**2 + 33*g - 29. Let w be c(32). Let y(s) = 16*s**2 + 4*s + 3. Let q be y(-4). Suppose -w*b = -291 - q. What are the prime factors of b?
2, 89
Let y = -79 - -117. Suppose -3*x = -0*a + 2*a + y, 4*a + 5*x = -78. List the prime factors of (8/6)/(a/(-3003)).
2, 7, 13
Suppose 171*h - 166*h - 60230 = -3*m, -5*h + 2*m = -60205. What are the prime factors of h?
12043
Suppose 0 = -6*l + 5 + 7. Let s(t) = 3 - 16*t**3 + 0*t**l + 18*t**3 - 4*t + 55*t**3 + 2*t**2. List the prime factors of s(1).
2, 29
Suppose t = -2*p + 1, -5*t - 3*p = -8*p + 25. What are the prime factors of ((-15)/(-20))/(t/(-8)) + 916?
2, 3, 17
Let k = 520 - 499. What are the prime factors of (k - 23)*1849/(-2)?
43
Suppose -35238 - 12332 = -5*d. List the prime factors of d.
2, 67, 71
Suppose -u + 32 = 2*w + 2, 0 = 4*w + 5*u - 60. Suppose -2*h + 0*t + 794 = 4*t, 5*t - w = 0. List the prime factors of h.
17, 23
Suppose 0 = 3*x + 14*m - 13*m - 7, 0 = -x + 3*m + 9. Suppose 0*p = x*p - z - 692, -452 = -2*p - 4*z. List the prime factors of p.
2, 5, 23
Suppose -150*t = -153*t + 18, 0 = r + 5*t - 17194. List the prime factors of r.
2, 7, 613
Suppose -101*q + 1388468 = -3080681. List the prime factors of q.
44249
Suppose 8*u = -45 - 299. Let a = u - -51. Suppose 0 = -a*k + 3*k + 520. List the prime factors of k.
2, 13
Let x = 48 - -14. Let d(n) = 2*n**2 - 6*n + 14. Let k be d(-4). Let v = k + x. List the prime factors of v.
2, 3, 11
Let u(i) = -113*i - 37. Let b be u(-5). Suppose 4*z = 5*g + b, -z - 2*g + g = -132. List the prime factors of z.
2, 3, 11
Let a(r) = -78*r**2 - 2*r + 1. Suppose 0 = 3*y + 3*t + 9, -2*t - 3*t - 17 = 3*y. Let h be a(y). Let l = h + 189. List the prime factors of l.
2, 5, 11
Let z be (1 - 0) + -6 - 15/(-5). Let s be (-2)/((-4)/(-16)*-2*z). What are the prime factors of (-16 - -9)*2/s?
7
Let v = -521 + 923. Let p = -266 + v. What are the prime factors of p?
2, 17
Let c(h) = h**3 - 8*h**2 + 13*h + 2. Let l be c(6). Suppose 5*n - 5*m = 10, 2*n + l = -3*m - m. Let z(w) = -w + 95. What are the prime factors of z(n)?
5, 19
Let g = 31350 + -17117. List the prime factors of g.
43, 331
Let t be 6/((-42)/(-12) - 5). What are the prime factors of -3 - (-749 - (t + -5))?
11, 67
Let i = -47 + 43. Let g be (1 - -25)*2/i. Let q = -9 - g. List the prime factors of q.
2
Suppose 9 + 6 = 5*h. Suppose 33 = h*l + 6. Let c(d) = 33*d - 36. What are the prime factors of c(l)?
3, 29
Let v(q) = -3*q + 83. Let w be v(14). Suppose w*k + 8102 = 42173. List the prime factors of k.
3, 277
Let r = -4113 - -2906. List the prime factors of r/(-1) + ((-84)/(-7) - 8).
7, 173
What are the prime factors of 484671/38 + (-5)/(-6 + -4)?
5, 2551
Let x(y) = 155*y - 53 - 21 - 87*y. What are the prime factors of x(6)?
2, 167
Suppose 647*v = 640*v + 791. List the prime factors of v.
113
Let j(d) = -d**2 + 4*d + 121. Suppose 1 = -y - u + 5, 12 = y + 3*u. Let a be j(y). Suppose -a*p = -123*p + 34. List the prime factors of p.
17
Suppose -2*r - 3*a + 2 = 3, 0 = -4*r - 4*a. Suppose -r - 2 = -3*f, 2*j - 2*f = 326. Let s = -41 + j. List the prime factors of s.
3, 41
Let j(i) = -15*i + 8. Let o be j(-7). Suppose -3*x = 2*k - 319, 2*k = x + 6*k - o. Suppose 5*l - x = 510. What are the prime factors of l?
3, 41
Suppose 2*y = -0 + 8. Suppose 17 = y*s - 39. Suppose -98 = -q + s. List the prime factors of q.
2, 7
Let i(w) = 19*w**3 - w**2 - 2*w + 3. Let o be i(-3). Let j = -255 - o. List the prime factors of j.
2, 3, 43
Let f(m) = -5*m - 36. Let z be f(-8). Let p(q) = 2*q**3 - 6*q + 8. List the prime factors of p(z).
2, 7
Let j = 11360 - 7701. What are the prime factors of j?
3659
Suppose 959*y - 1004*y + 27090 = 0. List the prime factors of y.
2, 7, 43
List the prime factors of (0 - (-17811)/(-6))/((-145)/290).
3, 1979
Suppose 30*a - 51597 = 23*a. List the prime factors of a.
3, 7, 13
Let o(c) be the third derivative of -c**4/24 - 2*c**3 + 17*c**2. Let y be o(-9). Let f(i) = -4*i - 8. List the prime factors of f(y).
2
Let v = 1675 + -1151. Suppose v = 2*z + 72. Let s = z - 113. What are the prime factors of s?
113
What are the prime factors of (-22)/32*-6 - 4 - 104255/(-8)?
2, 3, 181
Suppose 4*q + 7120 = 4*g, 3*g + 1782 = 4*g - 2*q. Suppose t + 1778 = p, -g = 14*p - 15*p - 5*t. What are the prime factors of p?
2, 7, 127
Let n(f) = -4*f**3 - 6*f**2 - 38*f + 100. List the prime factors of n(-13).
2, 523
List the prime factors of 4/(-52)*-228958 + ((-56)/(-91))/(-4).
2, 7, 17, 37
Suppose -3*i + 16 = v